of 1740.
2, 3, 5, 29
What are the prime factors of 12221?
11, 101
List the prime factors of 54989.
11, 4999
What are the prime factors of 441?
3, 7
What are the prime factors of 40790?
2, 5, 4079
What are the prime factors of 22007?
59, 373
List the prime factors of 2293.
2293
What are the prime factors of 4599?
3, 7, 73
What are the prime factors of 2844?
2, 3, 79
What are the prime factors of 9878?
2, 11, 449
List the prime factors of 5819.
11, 23
List the prime factors of 56959.
7, 79, 103
What are the prime factors of 1139?
17, 67
List the prime factors of 9197.
17, 541
List the prime factors of 5915.
5, 7, 13
What are the prime factors of 205?
5, 41
What are the prime factors of 15691?
13, 17, 71
List the prime factors of 5844.
2, 3, 487
List the prime factors of 3980.
2, 5, 199
What are the prime factors of 2598?
2, 3, 433
What are the prime factors of 73441?
271
List the prime factors of 76963.
76963
List the prime factors of 117704.
2, 14713
What are the prime factors of 5838?
2, 3, 7, 139
List the prime factors of 6149.
11, 13, 43
List the prime factors of 116628.
2, 3, 9719
What are the prime factors of 64520?
2, 5, 1613
What are the prime factors of 7233?
3, 2411
List the prime factors of 16074.
2, 3, 19, 47
List the prime factors of 59701.
227, 263
What are the prime factors of 169130?
2, 5, 13, 1301
List the prime factors of 20419.
7, 2917
What are the prime factors of 2106?
2, 3, 13
List the prime factors of 48405.
3, 5, 7, 461
What are the prime factors of 1027?
13, 79
What are the prime factors of 26761?
7, 3823
What are the prime factors of 3670?
2, 5, 367
What are the prime factors of 17118?
2, 3, 317
List the prime factors of 7768.
2, 971
What are the prime factors of 10759?
7, 29, 53
List the prime factors of 64283.
64283
List the prime factors of 5608.
2, 701
What are the prime factors of 160238?
2, 13, 6163
List the prime factors of 1212.
2, 3, 101
What are the prime factors of 7468?
2, 1867
What are the prime factors of 47001?
3, 15667
What are the prime factors of 3683?
29, 127
List the prime factors of 247.
13, 19
List the prime factors of 963.
3, 107
What are the prime factors of 600?
2, 3, 5
What are the prime factors of 5326?
2, 2663
What are the prime factors of 1396?
2, 349
List the prime factors of 1381.
1381
What are the prime factors of 14798?
2, 7, 151
What are the prime factors of 2392?
2, 13, 23
List the prime factors of 39555.
3, 5, 293
List the prime factors of 228.
2, 3, 19
What are the prime factors of 1639?
11, 149
What are the prime factors of 1803?
3, 601
List the prime factors of 14760.
2, 3, 5, 41
What are the prime factors of 9503?
13, 17, 43
What are the prime factors of 7148?
2, 1787
List the prime factors of 6154.
2, 17, 181
What are the prime factors of 611?
13, 47
What are the prime factors of 3758?
2, 1879
List the prime factors of 626.
2, 313
What are the prime factors of 132622?
2, 7, 9473
What are the prime factors of 12625?
5, 101
List the prime factors of 1860.
2, 3, 5, 31
List the prime factors of 122.
2, 61
What are the prime factors of 18087?
3, 6029
List the prime factors of 75695.
5, 15139
What are the prime factors of 5550?
2, 3, 5, 37
What are the prime factors of 50840?
2, 5, 31, 41
List the prime factors of 686.
2, 7
What are the prime factors of 1741?
1741
What are the prime factors of 99?
3, 11
What are the prime factors of 1832?
2, 229
What are the prime factors of 36142?
2, 17, 1063
List the prime factors of 2137.
2137
What are the prime factors of 5669?
5669
List the prime factors of 41342.
2, 7, 2953
List the prime factors of 3224.
2, 13, 31
What are the prime factors of 1807?
13, 139
What are the prime factors of 45431?
181, 251
What are the prime factors of 2145?
3, 5, 11, 13
List the prime factors of 33692.
2, 8423
What are the prime factors of 24048?
2, 3, 167
List the prime factors of 31236.
2, 3, 19, 137
List the prime factors of 2906.
2, 1453
List the prime factors of 139554.
2, 3, 7753
List the prime factors of 34904.
2, 4363
List the prime factors of 721.
7, 103
List the prime factors of 84340.
2, 5, 4217
What are the prime factors of 55891?
11, 5081
What are the prime factors of 1130?
2, 5, 113
List the prime factors of 97163.
11, 73
List the prime factors of 4917.
3, 11, 149
What are the prime factors of 5267?
23, 229
What are the prime factors of 3030?
2, 3, 5, 101
List the prime factors of 46857.
3, 15619
What are the prime factors of 2522?
2, 13, 97
What are the prime factors of 126848?
2, 991
What are the prime factors of 1032?
2, 3, 43
What are the prime factors of 7459?
7459
What are the prime factors of 129503?
11, 61, 193
What are the prime factors of 6239?
17, 367
List the prime factors of 2357.
2357
What are the prime factors of 39385?
5, 7877
List the prime factors of 1849.
43
List the prime factors of 3698.
2, 43
List the prime factors of 4496.
2, 281
List the prime factors of 7965.
3, 5, 59
List the prime factors of 2825.
5, 113
What are the prime factors of 810?
2, 3, 5
What are the prime factors of 13751?
13751
What are the prime factors of 4288?
2, 67
What are the prime factors of 1994?
2, 997
What are the prime factors of 889?
7, 127
What are the prime factors of 850?
2, 5, 17
List the prime factors of 1096.
2, 137
List the prime factors of 19707.
3, 6569
What are the prime factors of 20404?
2, 5101
What are the prime factors of 172?
2, 43
What are the prime factors of 16108?
2, 4027
What are the prime factors of 1386?
2, 3, 7, 11
What are the prime factors of 28652?
2, 13, 19, 29
List the prime factors of 6457.
11, 587
What are the prime factors of 137794?
2, 68897
What are the prime factors of 12433?
12433
List the prime factors of 192.
2, 3
List the prime factors of 1649.
17, 97
What are the prime factors of 10893?
3, 3631
What are the prime factors of 8340?
2, 3, 5, 139
List the prime factors of 2934.
2, 3, 163
What are the prime factors of 1314?
2, 3, 73
List the prime factors of 370.
2, 5, 37
What are the prime factors of 992?
2, 31
What are the prime factors of 3959?
37, 107
What are the prime factors of 2125?
5, 17
List the prime factors of 5780.
2, 5, 17
What are the prime factors of 6004?
2, 19, 79
What are the prime factors of 3232?
2, 101
What are the prime factors of 8932?
2, 7, 11, 29
List the prime factors of 27347.
23, 29, 41
What are the prime factors of 8545?
5, 1709
What are the prime factors of 67166?
2, 11, 43, 71
What are the prime factors of 30444?
2, 3, 43, 59
List the prime factors of 563.
563
List the prime factors of 43534.
2, 21767
List the prime factors of 44169.
3, 14723
What are the prime factors of 67161?
3, 61, 367
List the prime factors of 2163.
3, 7, 103
What are the prime factors of 8302?
2, 7, 593
What are the prime factors of 13429?
13, 1033
What are the prime factors of 43?
43
List the prime factors of 17791.
17791
List the prime factors of 314.
2, 157
List the prime factors of 1712.
2, 107
List the prime factors of 1028.
2, 257
List the prime factors of 605.
5, 11
List the prime factors of 1617.
3, 7, 11
List the prime factors of 14579.
61, 239
What are the prime factors of 882?
2, 3, 7
List the prime factors of 4710.
2, 3, 5, 157
List the prime factors of 1290.
2, 3, 5, 43
List the prime factors of 1521.
3, 13
List the prime factors of 33403.
33403
What are the prime factors of 1640?
2, 5, 41
What are the prime factors of 28194?
2, 3, 37, 127
List the prime factors of 8205.
3, 5, 547
List the prime factors of 588.
2, 3, 7
List the prime factors of 44331.
3, 7, 2111
What are the prime factors of 5286?
2, 3, 881
What are the prime factors of 9275?
5, 7, 53
What are the prime factors of 1050?
2, 3, 5, 7
List the prime factors of 82366.
2, 41183
List the prime factors of 105367.
105367
List the prime factors of 2982.
2, 3, 7, 71
List the prime factors of 374.
2, 11, 17
List the prime factors of 3522.
2, 3, 587
List the prime factors of 15966.
2, 3, 887
List the prime factors of 8897.
7, 31, 41
List the prime factors of 943.
23, 41
List the prime factors of 743.
743
What are the prime factors of 10335?
3, 5, 13, 53
List the prime factors of 1162.
2, 7, 83
What are the prime factors of 6419?
7, 131
List the prime factors of 7389.
3, 821
What are the prime factors of 91243?
91243
List the prime factors of 7